3
Let a = 348 - 50. Suppose a = 4*n + 6*d - d, -n = 3*d - 78. List the prime factors of n.
2, 3
List the prime factors of 0 - ((-47448)/32 + (-3)/(-4)).
2, 3, 13, 19
Suppose 0 = -3*z, -5*w + 5*z + 6 = -14. Suppose -w*r - p = -4*p - 169, r = 3*p + 31. What are the prime factors of r?
2, 23
Let p(s) be the second derivative of s**4/6 + 2*s**3/3 - 3*s. Let n be p(-3). What are the prime factors of (88/n)/((-4)/(-12))?
2, 11
Let z be (-30)/(-4) + 5/(-10). List the prime factors of 5*(-16)/(-28)*z/2.
2, 5
Let x = -5 + 15. Let f = 2 - x. What are the prime factors of (-85)/(-2) - (-4)/f?
2, 3, 7
Let c(r) = r**3 - 5*r**2 - 6*r + 3. Suppose 4*j - 4*y = -9*y + 44, 3*j = 4*y + 2. Let a be c(j). Suppose -44 = -a*m + 4. List the prime factors of m.
2
Suppose 4*q = 8*q - 136. Let o = q + -19. List the prime factors of o.
3, 5
Let d = 16 - 9. Let z(q) = 20*q + 24. List the prime factors of z(d).
2, 41
Suppose -6*y = -3*z - 2*y + 529, 5*y = 4*z - 704. What are the prime factors of z?
3, 19
Suppose -11 - 4 = -3*p. Suppose 5*i - 4*y = 122 + 85, -p*y + 182 = 4*i. What are the prime factors of i?
43
Suppose 1 = 2*w - 9. Suppose 30 = 3*r - 0*a + w*a, 0 = a. List the prime factors of r.
2, 5
Let l(n) = -n**2 - 112*n - 66. List the prime factors of l(-23).
7, 283
Suppose f = -4*q + q + 451, -5*f + 169 = q. List the prime factors of q.
149
Suppose -2*q + 4*z + 36 = 12, -3*q = -4*z - 26. Suppose o = n - 29, -q*n + 43 = o + 2*o. What are the prime factors of n?
2, 13
Let d = -13 - -16. Suppose 0 = -0*w - d*w - 3. List the prime factors of w/(-1) + 1 + 74.
2, 19
Let v = 2102 - 68. What are the prime factors of v?
2, 3, 113
Let b(a) = 81*a - 21. What are the prime factors of b(10)?
3, 263
Let s(k) = 6*k**2 - k - 68. Let y(m) = 5*m**2 - m - 69. Let r(j) = 4*s(j) - 5*y(j). List the prime factors of r(0).
73
Suppose -9*a = -b - 7*a + 3, -3*a + 9 = 3*b. Suppose -5*r = -0*r - 135. Suppose r = z - 5*n, -b = 2*n + 3. What are the prime factors of z?
2, 3
Let a(o) be the third derivative of o**4/3 + 7*o**3 - 7*o**2. What are the prime factors of a(3)?
2, 3, 11
Let s be 5/(-15)*-3 + -53. What are the prime factors of (s/12)/((-3)/9)?
13
Let g(p) = -83*p + 20. List the prime factors of g(-1).
103
Let u = -1862 + 6627. List the prime factors of u.
5, 953
Let x(l) = 1. Let v(a) = 34*a - 1. Let c(s) = v(s) + 5*x(s). List the prime factors of c(5).
2, 3, 29
Suppose -5*a + r - 4*r + 20 = 0, 5*a = 5*r + 60. Let p = 30 - a. List the prime factors of p.
23
Let w(z) = -7*z + 20. Let y(n) = 4*n - 10. Let b(c) = -3*w(c) - 5*y(c). Let g be b(11). Let r(d) = 13*d**2 + d. What are the prime factors of r(g)?
2, 7
Let j be 4*12/(3 - 1). What are the prime factors of 2/(-8) - (-1038)/j?
43
Suppose -69 = -b + 3*t, 5*t - 415 = -5*b + 6*t. Suppose 0 = -5*x - 3*o + 28 + 61, 4*x - 4*o - b = 0. List the prime factors of x.
19
Let k be 6*(0 - 1)/(-3). Suppose -n - 39 = -k*b, 0 = 5*b - 0*b - 4*n - 102. List the prime factors of b - (1 + 1/(-1)).
2, 3
Suppose -6 = -5*p - 26. List the prime factors of (-1)/2 - (0 + 18/p).
2
Suppose -17*j - 3400 + 9452 = 0. List the prime factors of j.
2, 89
Suppose 2*r - o = 42 + 260, -596 = -4*r + 4*o. Suppose -5*z = -2*z - r. List the prime factors of z.
3, 17
Suppose 13*l = -5*m + 9*l + 14931, 2*m - 5970 = -l. What are the prime factors of m?
19, 157
Suppose 60 = k + 5*j, -3*k + 180 = -j - 3*j. Suppose -q + k = -4*q. Let z = q - -59. List the prime factors of z.
3, 13
Let o(a) = 6*a**2 + 18*a + 219. What are the prime factors of o(-13)?
3, 37
Let f be (1 + -2)*(-10)/2. Suppose h = f*h - 208. List the prime factors of h.
2, 13
Let y be (12 + -9)*(-4)/(-3). Let x be 8 + 1 + -7 + y. Suppose 215 = x*m - m. List the prime factors of m.
43
Let u(y) = y**3 - 15*y**2 + 24*y + 2. What are the prime factors of u(14)?
2, 71
Suppose -219 = -3*t + 15. Let d be (t - -7)*2*1. What are the prime factors of 20/25*d/4?
2, 17
Suppose 0*a = -3*a + 90. Suppose -p - 10 = -2*p - 3*j, 0 = 2*p + j + 5. Let v = a - p. What are the prime factors of v?
5, 7
Suppose 0 = -2*q + 6*q + 4, i + q = 2239. What are the prime factors of i?
2, 5, 7
Let l(q) be the first derivative of 3*q**2/2 - 3*q + 2. Let k be 390/54 + 10/(-45). What are the prime factors of l(k)?
2, 3
Suppose 5*z - 5*q = -0*z + 200, 0 = 4*q - 20. Let t = z + -43. What are the prime factors of t?
2
Suppose 26 = y - 5*j, -3*y - 2*y - 2*j + 22 = 0. Let h = y + 0. Suppose c + c = h. List the prime factors of c.
3
Let m(q) = q**3 + 4*q**2 - 3*q + 8. Let o be m(-5). Let b(x) = -24*x**3 - x + 3. List the prime factors of b(o).
197
Let i be 6/4*(-708)/(-9). Suppose 77 + i = 3*g. What are the prime factors of g?
5, 13
Let y = 259 + -173. Let o = y + 26. What are the prime factors of o?
2, 7
Suppose -3*c = -u - 236, 4*u = c + 3*u - 76. What are the prime factors of c?
2, 5
Let m(u) = 6*u - 4. Let i be m(3). Let b(y) = -y + i*y**2 - 4 - 15*y**2 - 8*y - 4*y. What are the prime factors of b(-12)?
2
Let i(t) = -t**2 - 22*t + 27. Let o be i(-23). Suppose o*b - 4*w - 612 = w, 452 = 3*b - 2*w. List the prime factors of b.
2, 37
Suppose -3 - 1 = -4*u, -2424 = -2*i - 2*u. What are the prime factors of i?
7, 173
Suppose 3*n - 3 = 2*n. Suppose -86 = -n*i + 94. List the prime factors of (-36)/i + 456/10.
3, 5
Suppose 4*j + 2*j = 0. Suppose 4*m + 2*m - 354 = j. What are the prime factors of m?
59
Suppose m + 4*x = -4*m + 106, 4*m + x = 87. Suppose m*q = 26*q - 216. What are the prime factors of q?
2, 3
Suppose 0 = 3*l - 0*l. Suppose l = 2*r - r. Suppose -4*v - 2 = 2*o, r = 7*o - 2*o + 3*v - 9. List the prime factors of o.
3
Suppose -4*w - 704 + 3668 = -4*c, -3*w - 5*c = -2255. List the prime factors of w.
5, 149
Let n = -77 + 136. Suppose -4*o - 5*x = -n, -6*x + 6 = -4*x. Suppose 2*j - j = o. What are the prime factors of j?
11
Suppose 1570 = 19*b - 18*b - t, 3*t = -12. What are the prime factors of b?
2, 3, 29
Let u(b) = 6*b + 63. Let s be u(0). Suppose s = -8*l + 199. List the prime factors of l.
17
Let n = 1991 + -1190. List the prime factors of n.
3, 89
Let x(m) = 2*m**2 + 4*m - 16. Let v(b) = b**2 + 2*b - 8. Let c(o) = 13*v(o) - 6*x(o). Let f be 12*(-1 - 2/(-6)). List the prime factors of c(f).
2, 5
Suppose 2*g - 3*i + 0*i - 16 = 0, g - 4*i + 2 = 0. Let c = g - -40. What are the prime factors of c?
2, 3
Let l = 361 - 237. List the prime factors of l.
2, 31
Suppose 21*u = -3542 + 9653. What are the prime factors of u?
3, 97
Let t be (6/(-3))/(8/156). What are the prime factors of ((-81)/(-2))/(t/(-52))?
2, 3
Let h be ((-3)/(-6))/(6/12). Let x be (0/(-3))/(3 - h). Suppose x*r + 5*r + 4*g = 355, g = 5*r - 355. List the prime factors of r.
71
Suppose -2*y - 3*j - 1958 = -5325, 3*y + 3*j - 5055 = 0. What are the prime factors of y?
2, 211
Suppose 0*n = -2*n - 5*d + 21, -4*n + 4*d + 56 = 0. Suppose n*u - 222 = 7*u. List the prime factors of u.
37
Suppose 276 = 4*k - 5*d, -k + 210 = 2*k - 3*d. Suppose -3*v + 15 = 2*v. Suppose -5*o - k = -2*y, y - 38 = -0*y + v*o. What are the prime factors of y?
2
Let t = 81 + 365. List the prime factors of t.
2, 223
Suppose -4*j + 1870 = 2*p, 0 = -3*p - 0*j - 4*j + 2805. What are the prime factors of p?
5, 11, 17
Let v(c) = -c**3 - 22*c**2 + 9*c - 18. What are the prime factors of v(-23)?
2, 19
Let b(n) = -81*n**2 + 4*n + 3. Let c be b(-1). Let z = 39 - c. List the prime factors of z.
11
Suppose -m = 5*q - 4*m - 2459, 3*m = 4*q - 1966. List the prime factors of q.
17, 29
Suppose -p - 55 = 4*p. Let r = p - -87. List the prime factors of r.
2, 19
Let b be 9/3 - (-6 + -4). Suppose b*w - 2450 = -292. What are the prime factors of w?
2, 83
Let i be -1*(1 + -5)*1. Suppose d - 109 = i. What are the prime factors of d?
113
Suppose -3*c + 3*v + 1325 = 488, 3*c - 5*v - 835 = 0. What are the prime factors of c?
2, 5, 7
Let r be (((-40)/6)/(-5))/(1/(-336)). List the prime factors of r/(-6) - 9/(135/10).
2, 37
List the prime factors of -6*(-6 + (-63)/14).
3, 7
Suppose -3*x + 32 + 16 = 0. Suppose 17*m = x*m + 117. List the prime factors of m.
3, 13
List the prime factors of (-135)/(-225) + (3651/15 - 1).
3
Suppose -2187 = -3*q - h + 6*h, -5*h = -4*q + 2911. List the prime factors of q.
2, 181
Suppose 9*u - 429 + 141 = 0. List the prime factors of u.
2
Suppose 0 = 35*z - 29*z - 2736. List the prime factors of z.
2, 3, 19
Let q = -37 + 40